{"id":309,"date":"2022-06-22T22:16:42","date_gmt":"2022-06-22T22:16:42","guid":{"rendered":"https:\/\/modernidadesdescentralizadas.com\/conceptos\/?post_type=concept&#038;p=309"},"modified":"2022-06-23T06:03:52","modified_gmt":"2022-06-23T06:03:52","slug":"biennalisation","status":"publish","type":"concept","link":"https:\/\/modernidadesdescentralizadas.com\/conceptos\/fr\/concept\/biennalisation\/","title":{"rendered":"Biennalisation"},"content":{"rendered":"\n<p><em>Qu\u2019est-ce que la biennalisation ?<\/em> L\u2019article interrogateur de Simon Sheik, publi\u00e9 dans le magazine <em>Humboldt<\/em> en 2011, exposait des r\u00e9flexions et des questions qui sont toujours au c\u0153ur du d\u00e9bat. En effet, hier comme aujourd\u2019hui, la question ne trouve, ni une r\u00e9ponse facile, ni une r\u00e9ponse unique, la biennalisation \u00e9tant un ph\u00e9nom\u00e8ne h\u00e9t\u00e9rog\u00e8ne et mouvant.<\/p>\n\n\n\n<p>\u00c0 la fin des ann\u00e9es 1990, dans un Berlin nouvellement unifi\u00e9, Gerhard Haupt a invent\u00e9 ce terme pour d\u00e9signer la multiplication des biennales et l\u2019omnipr\u00e9sence de certains artistes et commissaires, ind\u00e9pendamment des caract\u00e9ristiques du lieu et de la singularit\u00e9 de la m\u00e9ga-exposition. En 1997, cette fois en Italie, des exposants des biennales de Venise, S\u00e3o Paulo, Istanbul, Dakar, Perth, Pittsburg, Costa Rica, La Havane, Austin, Sydney, Bangkok et Johannesburg se r\u00e9unissent lors d\u2019une rencontre organis\u00e9e par la Fondation Rockefeller. L\u2019objectif \u00e9tait d\u2019\u00e9tudier et de discuter \u00ab&nbsp;l\u2019essor et la prolif\u00e9ration des <em>large-scale international exhibitions <\/em>\u00bb. \u00c0 cette occasion, la diffusion du mod\u00e8le a \u00e9t\u00e9 per\u00e7ue comme positive, \u00e0 tel point que Okwui Enwezor, qui a particip\u00e9 \u00e0 l\u2019\u00e9v\u00e9nement, a soulign\u00e9 qu\u2019il offrait la possibilit\u00e9 d\u2019op\u00e9rer un \u00ab&nbsp;changement de paradigme&nbsp;\u00bb.<\/p>\n\n\n<div class=\"wp-block-image\">\n<figure class=\"aligncenter size-large is-resized\"><img loading=\"lazy\" decoding=\"async\" src=\"https:\/\/modernidadesdescentralizadas.com\/conceptos\/wp-content\/uploads\/2022\/05\/Fig.1-852x1024.jpg\" alt=\"\" class=\"wp-image-308\" width=\"456\" height=\"548\" srcset=\"https:\/\/modernidadesdescentralizadas.com\/conceptos\/wp-content\/uploads\/2022\/05\/Fig.1-852x1024.jpg 852w, https:\/\/modernidadesdescentralizadas.com\/conceptos\/wp-content\/uploads\/2022\/05\/Fig.1-250x300.jpg 250w, https:\/\/modernidadesdescentralizadas.com\/conceptos\/wp-content\/uploads\/2022\/05\/Fig.1-768x923.jpg 768w, https:\/\/modernidadesdescentralizadas.com\/conceptos\/wp-content\/uploads\/2022\/05\/Fig.1-1278x1536.jpg 1278w, https:\/\/modernidadesdescentralizadas.com\/conceptos\/wp-content\/uploads\/2022\/05\/Fig.1-1704x2048.jpg 1704w\" sizes=\"auto, (max-width: 456px) 100vw, 456px\" \/><figcaption>Cartoon: Olav Westphalen, 2000<\/figcaption><\/figure>\n<\/div>\n\n\n<p>Peu de temps apr\u00e8s, en 2001, <em>la Revista de Occidente<\/em> a publi\u00e9 un texte d\u2019Ivo Mesquita qui commen\u00e7ait par une liste apparemment infinie de biennales. En quelques lignes, le curateur pauliste a pass\u00e9 en revue les cinq continents et a termin\u00e9 en se demandant si les biennales \u00e9taient redondantes ou entropiques. Ces ann\u00e9es-l\u00e0, se d\u00e9roulait l\u2019\u00e9v\u00e9nement-cadre des <em>Biennials in Dialogue<\/em> (2000-2008), une s\u00e9rie de congr\u00e8s qui reliaient l\u2019Europe, l\u2019Asie et l\u2019Australie. Le premier a \u00e9t\u00e9 illustr\u00e9 par le dessin anim\u00e9 \u00ab&nbsp;<em>What our village now needs is a biennial!<\/em>&nbsp;\u00bb&nbsp;: un homme, avec une ville d\u00e9truite derri\u00e8re lui, d\u00e9livre le message retentissant \u00e0 la cam\u00e9ra. Le dessin d\u2019Olav Westphalen capture les <em>sogni e conflitti<\/em> de la biennale. En effet, la toile de fond de la phrase prononc\u00e9e par l\u2019homme est d\u2019une complexit\u00e9 \u00e9crasante : du r\u00eave r\u00e9volutionnaire de la Biennale de La Havane (1984) \u00e0 l\u2019effet de cascade de la Documenta&nbsp;(2002), en passant par les r\u00e9pliques v\u00e9nitiennes de S\u00e3o Paulo (1951) et de Sydney&nbsp;(1973) et la biennale-parodie de Maurizio Cattelan (1999).<\/p>\n\n\n<div class=\"wp-block-image\">\n<figure class=\"aligncenter size-large is-resized\"><img loading=\"lazy\" decoding=\"async\" src=\"https:\/\/modernidadesdescentralizadas.com\/conceptos\/wp-content\/uploads\/2022\/05\/bienalizacion-03-1024x596.jpg\" alt=\"\" class=\"wp-image-292\" width=\"692\" height=\"402\" srcset=\"https:\/\/modernidadesdescentralizadas.com\/conceptos\/wp-content\/uploads\/2022\/05\/bienalizacion-03-1024x596.jpg 1024w, https:\/\/modernidadesdescentralizadas.com\/conceptos\/wp-content\/uploads\/2022\/05\/bienalizacion-03-300x174.jpg 300w, https:\/\/modernidadesdescentralizadas.com\/conceptos\/wp-content\/uploads\/2022\/05\/bienalizacion-03-768x447.jpg 768w, https:\/\/modernidadesdescentralizadas.com\/conceptos\/wp-content\/uploads\/2022\/05\/bienalizacion-03.jpg 1042w\" sizes=\"auto, (max-width: 692px) 100vw, 692px\" \/><figcaption>Stewart Smith, Robert Gerard Pietrusko, Bernd Lintermann, <em>trans_actions: The Accelerated Art World 1989-2011,<\/em> 2011<\/figcaption><\/figure>\n<\/div>\n\n\n<p><em>Qu\u2019est-ce que la biennalisation&nbsp;?<\/em> : une redistribution d\u00e9mocratique du pouvoir culturel ou une nouvelle forme de colonisation occidentale, la r\u00e9p\u00e9tition par inertie d\u2019un mod\u00e8le ou un d\u00e9fi pour offrir de nouveaux espaces et temporalit\u00e9s ? La dichotomie est intrins\u00e8que au concept dans la mesure o\u00f9 le ph\u00e9nom\u00e8ne m\u00eame qu\u2019il d\u00e9crit fonctionne de deux mani\u00e8res. D\u2019une part, elle contribue \u00e0 la perp\u00e9tuation d\u2019un mod\u00e8le dominant, tout en le remettant en question ; d\u2019autre part, elle remet en cause le syst\u00e8me, tout en le r\u00e9p\u00e9tant et en l\u2019affirmant.<\/p>\n\n\n\n<p><\/p>\n","protected":false},"excerpt":{"rendered":"<p>Qu\u2019est-ce que la biennalisation ? L\u2019article interrogateur de Simon Sheik, publi\u00e9 dans le magazine Humboldt en 2011, exposait des r\u00e9flexions [&hellip;]<\/p>\n","protected":false},"featured_media":279,"template":"","tags":[399,628,513,531,543,567],"class_list":["post-309","concept","type-concept","status-publish","has-post-thumbnail","hentry","tag-colonialite","tag-decolonisation","tag-revolution-fr","tag-solidarite","tag-sud","tag-utopie"],"acf":[],"_links":{"self":[{"href":"https:\/\/modernidadesdescentralizadas.com\/conceptos\/wp-json\/wp\/v2\/concept\/309","targetHints":{"allow":["GET"]}}],"collection":[{"href":"https:\/\/modernidadesdescentralizadas.com\/conceptos\/wp-json\/wp\/v2\/concept"}],"about":[{"href":"https:\/\/modernidadesdescentralizadas.com\/conceptos\/wp-json\/wp\/v2\/types\/concept"}],"wp:featuredmedia":[{"embeddable":true,"href":"https:\/\/modernidadesdescentralizadas.com\/conceptos\/wp-json\/wp\/v2\/media\/279"}],"wp:attachment":[{"href":"https:\/\/modernidadesdescentralizadas.com\/conceptos\/wp-json\/wp\/v2\/media?parent=309"}],"wp:term":[{"taxonomy":"post_tag","embeddable":true,"href":"https:\/\/modernidadesdescentralizadas.com\/conceptos\/wp-json\/wp\/v2\/tags?post=309"}],"curies":[{"name":"wp","href":"https:\/\/api.w.org\/{rel}","templated":true}]}}

<p><em>Qu’est-ce que la biennalisation ?</em> L’article interrogateur de Simon Sheik, publié dans le magazine <em>Humboldt</em> en 2011, exposait des réflexions et des questions qui sont toujours au cœur du débat. En effet, hier comme aujourd’hui, la question ne trouve, ni une réponse facile, ni une réponse unique, la biennalisation étant un phénomène hétérogène et mouvant.</p>



<p>À la fin des années 1990, dans un Berlin nouvellement unifié, Gerhard Haupt a inventé ce terme pour désigner la multiplication des biennales et l’omniprésence de certains artistes et commissaires, indépendamment des caractéristiques du lieu et de la singularité de la méga-exposition. En 1997, cette fois en Italie, des exposants des biennales de Venise, São Paulo, Istanbul, Dakar, Perth, Pittsburg, Costa Rica, La Havane, Austin, Sydney, Bangkok et Johannesburg se réunissent lors d’une rencontre organisée par la Fondation Rockefeller. L’objectif était d’étudier et de discuter «&nbsp;l’essor et la prolifération des <em>large-scale international exhibitions </em>». À cette occasion, la diffusion du modèle a été perçue comme positive, à tel point que Okwui Enwezor, qui a participé à l’événement, a souligné qu’il offrait la possibilité d’opérer un «&nbsp;changement de paradigme&nbsp;».</p>


<div class="wp-block-image">
<figure class="aligncenter size-large is-resized"><img loading="lazy" decoding="async" src="https://modernidadesdescentralizadas.com/conceptos/wp-content/uploads/2022/05/Fig.1-852x1024.jpg" alt="" class="wp-image-308" width="456" height="548" srcset="https://modernidadesdescentralizadas.com/conceptos/wp-content/uploads/2022/05/Fig.1-852x1024.jpg 852w, https://modernidadesdescentralizadas.com/conceptos/wp-content/uploads/2022/05/Fig.1-250x300.jpg 250w, https://modernidadesdescentralizadas.com/conceptos/wp-content/uploads/2022/05/Fig.1-768x923.jpg 768w, https://modernidadesdescentralizadas.com/conceptos/wp-content/uploads/2022/05/Fig.1-1278x1536.jpg 1278w, https://modernidadesdescentralizadas.com/conceptos/wp-content/uploads/2022/05/Fig.1-1704x2048.jpg 1704w" sizes="auto, (max-width: 456px) 100vw, 456px" /><figcaption>Cartoon: Olav Westphalen, 2000</figcaption></figure>
</div>


<p>Peu de temps après, en 2001, <em>la Revista de Occidente</em> a publié un texte d’Ivo Mesquita qui commençait par une liste apparemment infinie de biennales. En quelques lignes, le curateur pauliste a passé en revue les cinq continents et a terminé en se demandant si les biennales étaient redondantes ou entropiques. Ces années-là, se déroulait l’événement-cadre des <em>Biennials in Dialogue</em> (2000-2008), une série de congrès qui reliaient l’Europe, l’Asie et l’Australie. Le premier a été illustré par le dessin animé «&nbsp;<em>What our village now needs is a biennial!</em>&nbsp;»&nbsp;: un homme, avec une ville détruite derrière lui, délivre le message retentissant à la caméra. Le dessin d’Olav Westphalen capture les <em>sogni e conflitti</em> de la biennale. En effet, la toile de fond de la phrase prononcée par l’homme est d’une complexité écrasante : du rêve révolutionnaire de la Biennale de La Havane (1984) à l’effet de cascade de la Documenta&nbsp;(2002), en passant par les répliques vénitiennes de São Paulo (1951) et de Sydney&nbsp;(1973) et la biennale-parodie de Maurizio Cattelan (1999).</p>


<div class="wp-block-image">
<figure class="aligncenter size-large is-resized"><img loading="lazy" decoding="async" src="https://modernidadesdescentralizadas.com/conceptos/wp-content/uploads/2022/05/bienalizacion-03-1024x596.jpg" alt="" class="wp-image-292" width="692" height="402" srcset="https://modernidadesdescentralizadas.com/conceptos/wp-content/uploads/2022/05/bienalizacion-03-1024x596.jpg 1024w, https://modernidadesdescentralizadas.com/conceptos/wp-content/uploads/2022/05/bienalizacion-03-300x174.jpg 300w, https://modernidadesdescentralizadas.com/conceptos/wp-content/uploads/2022/05/bienalizacion-03-768x447.jpg 768w, https://modernidadesdescentralizadas.com/conceptos/wp-content/uploads/2022/05/bienalizacion-03.jpg 1042w" sizes="auto, (max-width: 692px) 100vw, 692px" /><figcaption>Stewart Smith, Robert Gerard Pietrusko, Bernd Lintermann, <em>trans_actions: The Accelerated Art World 1989-2011,</em> 2011</figcaption></figure>
</div>


<p><em>Qu’est-ce que la biennalisation&nbsp;?</em> : une redistribution démocratique du pouvoir culturel ou une nouvelle forme de colonisation occidentale, la répétition par inertie d’un modèle ou un défi pour offrir de nouveaux espaces et temporalités ? La dichotomie est intrinsèque au concept dans la mesure où le phénomène même qu’il décrit fonctionne de deux manières. D’une part, elle contribue à la perpétuation d’un modèle dominant, tout en le remettant en question ; d’autre part, elle remet en cause le système, tout en le répétant et en l’affirmant.</p>



<p></p>

<p>Qu’est-ce que la biennalisation ? L’article interrogateur de Simon Sheik, publié dans le magazine Humboldt en 2011, exposait des réflexions [&hellip;]</p>
