{"id":77,"date":"2022-04-21T10:32:00","date_gmt":"2022-04-21T10:32:00","guid":{"rendered":"http:\/\/modes-revolucion\/?page_id=77"},"modified":"2022-05-04T12:48:20","modified_gmt":"2022-05-04T12:48:20","slug":"sinopsis","status":"publish","type":"page","link":"https:\/\/modernidadesdescentralizadas.com\/revolucion\/es\/sinopsis\/","title":{"rendered":"Sinopsis"},"content":{"rendered":"\n<div class=\"wp-block-columns is-layout-flex wp-container-core-columns-is-layout-9d6595d7 wp-block-columns-is-layout-flex\">\n<div class=\"wp-block-column is-layout-flow wp-block-column-is-layout-flow\">\n<blockquote class=\"wp-block-quote is-layout-flow wp-block-quote-is-layout-flow\"><p>\u00bfPara qu\u00e9 sirve una revoluci\u00f3n? Una revoluci\u00f3n alumbra otras posibilidades de vida.<\/p><\/blockquote>\n\n\n\n<p>Esa es la premisa de la que parte este cortometraje, que toma como caso de estudio la \u00faltima de las grandes revoluciones europeas, la que tuvo su comienzo el 25 de abril de 1974 en Portugal, ahonda en sus ra\u00edces coloniales, y reflexiona sobre su final el 25 de noviembre de 1975.<\/p>\n\n\n\n<p>\u00bfQu\u00e9 podemos aprender de ese periodo de 19 meses, del denominado PREC (Proceso Revolucionario en Curso)? \u00bfQu\u00e9 im\u00e1genes nos deja esta revoluci\u00f3n popular que empez\u00f3 como un golpe de estado militar?<\/p>\n<\/div>\n\n\n\n<div class=\"wp-block-column is-layout-flow wp-block-column-is-layout-flow\">\n<p>Este ensayo audiovisual, construido con algunos de los trabajos cinematogr\u00e1ficos m\u00e1s importantes del 25 de abril y con materiales de archivo televisivo y de las cooperativas cinematogr\u00e1ficas surgidas al calor del proceso revolucionario, es una reflexi\u00f3n sobre la fuerza pol\u00edtica de estas im\u00e1genes, sobre el legado que nos dejan, y sobre el papel de los archivos, el cine, los medios de comunicaci\u00f3n y la representaci\u00f3n en general en nuestras luchas contempor\u00e1neas.<\/p>\n\n\n\n<p><strong>La revoluci\u00f3n (es) probable<\/strong> nos habla, adem\u00e1s, del fr\u00e1gil estatuto de documento de las im\u00e1genes como \u201cprueba\u201d, y de la posibilidad real de aprender de la historia desde el presente.<\/p>\n<\/div>\n<\/div>\n\n\n\n<figure class=\"wp-block-image size-large\"><img loading=\"lazy\" decoding=\"async\" width=\"1024\" height=\"640\" src=\"https:\/\/modernidadesdescentralizadas.com\/revolucion\/wp-content\/uploads\/2022\/05\/modesrevo-sinopsis-1024x640.jpg\" alt=\"\" class=\"wp-image-177\" srcset=\"https:\/\/modernidadesdescentralizadas.com\/revolucion\/wp-content\/uploads\/2022\/05\/modesrevo-sinopsis-1024x640.jpg 1024w, https:\/\/modernidadesdescentralizadas.com\/revolucion\/wp-content\/uploads\/2022\/05\/modesrevo-sinopsis-300x188.jpg 300w, https:\/\/modernidadesdescentralizadas.com\/revolucion\/wp-content\/uploads\/2022\/05\/modesrevo-sinopsis-768x480.jpg 768w, https:\/\/modernidadesdescentralizadas.com\/revolucion\/wp-content\/uploads\/2022\/05\/modesrevo-sinopsis.jpg 1280w\" sizes=\"auto, (max-width: 1024px) 100vw, 1024px\" \/><figcaption>Fotograma de \u00abLa Revoluci\u00f3n (es) probable\u00bb \u00a9 2022<\/figcaption><\/figure>\n","protected":false},"excerpt":{"rendered":"<p>\u00bfPara qu\u00e9 sirve una revoluci\u00f3n? Una revoluci\u00f3n alumbra otras posibilidades de vida. Esa es la premisa de la que parte [&hellip;]<\/p>\n","protected":false},"author":2,"featured_media":163,"parent":0,"menu_order":2,"comment_status":"closed","ping_status":"closed","template":"","meta":{"_acf_changed":false,"footnotes":""},"class_list":["post-77","page","type-page","status-publish","has-post-thumbnail","hentry"],"acf":[],"_links":{"self":[{"href":"https:\/\/modernidadesdescentralizadas.com\/revolucion\/wp-json\/wp\/v2\/pages\/77","targetHints":{"allow":["GET"]}}],"collection":[{"href":"https:\/\/modernidadesdescentralizadas.com\/revolucion\/wp-json\/wp\/v2\/pages"}],"about":[{"href":"https:\/\/modernidadesdescentralizadas.com\/revolucion\/wp-json\/wp\/v2\/types\/page"}],"author":[{"embeddable":true,"href":"https:\/\/modernidadesdescentralizadas.com\/revolucion\/wp-json\/wp\/v2\/users\/2"}],"replies":[{"embeddable":true,"href":"https:\/\/modernidadesdescentralizadas.com\/revolucion\/wp-json\/wp\/v2\/comments?post=77"}],"version-history":[{"count":1,"href":"https:\/\/modernidadesdescentralizadas.com\/revolucion\/wp-json\/wp\/v2\/pages\/77\/revisions"}],"predecessor-version":[{"id":185,"href":"https:\/\/modernidadesdescentralizadas.com\/revolucion\/wp-json\/wp\/v2\/pages\/77\/revisions\/185"}],"wp:featuredmedia":[{"embeddable":true,"href":"https:\/\/modernidadesdescentralizadas.com\/revolucion\/wp-json\/wp\/v2\/media\/163"}],"wp:attachment":[{"href":"https:\/\/modernidadesdescentralizadas.com\/revolucion\/wp-json\/wp\/v2\/media?parent=77"}],"curies":[{"name":"wp","href":"https:\/\/api.w.org\/{rel}","templated":true}]}}